 of x?
2
Let a(t) = -t**3 - 4*t**2 + t - 4. Let x be a(-3). Let q = x - -22. List the prime factors of q.
2, 3
Let z be 4/22 - (-168)/44. Suppose -3*y - 5*r = -19, z*y + 2*r = r + 31. Suppose -2*c + 6*c = y. What are the prime factors of c?
2
Let k = 22 + 19. What are the prime factors of k/((-4 - -3)/(-1))?
41
Let y(l) = l**2 - 5*l - 8. What are the prime factors of y(11)?
2, 29
Let z(h) = -44*h + 1. Let i be z(-1). Suppose i = 4*o + s, -4*s - s = -4*o + 63. List the prime factors of o.
2, 3
Let p(n) = -n**3 + 12*n**2 - 9*n - 10. Let k be p(11). Let a = k + -5. List the prime factors of a.
7
Suppose 2 + 6 = -4*g, 7 = o + 3*g. What are the prime factors of o?
13
Suppose -5*v + v - 5*c + 191 = 0, -4*c = 4. What are the prime factors of v?
7
Suppose 12 = -2*h + 6*h. Suppose -2*q - j = -0*j - 52, -h*q + 78 = -3*j. What are the prime factors of q?
2, 13
Let h be (2 + 1)/(2/(-6)). Let w = h - -5. What are the prime factors of (-30)/(-4) + 2/w?
7
Let p(s) = s**3 + 8*s**2 + 8*s + 4. Let k = -18 + 13. What are the prime factors of p(k)?
3, 13
Let o be (-3)/6 - (-146)/4. Suppose -5*a - j + 4*j - o = 0, 0 = -4*a - j - 22. Let y(v) = -v + 4. List the prime factors of y(a).
2, 5
Let y = -2 - -1. Let q be (4/(-3))/(y/3). List the prime factors of q*(15/4 + -1).
11
Let k = 23 + -14. Let u = -16 - -10. Let r = k + u. List the prime factors of r.
3
Suppose 0 = 4*f - 2*f - 80. Suppose -4*c + f + 20 = 0. What are the prime factors of c?
3, 5
Suppose -5*d + 6 = -4. Suppose -2*r + 5*o = -1 - 17, 0 = -d*r - 4*o. What are the prime factors of r?
2
Let y(a) = 144*a - 23. List the prime factors of y(2).
5, 53
Suppose 171 = 2*n + u, 2*n - 173 = -0*u - 3*u. What are the prime factors of n?
5, 17
List the prime factors of (-6)/2 + -1 + 9.
5
List the prime factors of (-18)/(-45) - 138/(-5).
2, 7
Suppose -v + 108 = -82. What are the prime factors of v?
2, 5, 19
Let n = -8 - -12. Suppose 5*y = -3*w + 25, 0 = -7*w + n*w - y + 17. List the prime factors of 1 - -2 - (w + -7).
5
Suppose -u = 1 - 0. Let d(x) = 5*x**2 + 2*x + 1. Let v be d(u). Suppose 5*r + 76 = -0*f + 4*f, -52 = -v*f - r. What are the prime factors of f?
2, 7
Let m be (-2 - (-1)/1) + 3. Suppose -q + 14 + 1 = 3*s, m*s = q - 10. List the prime factors of q.
2, 3
Suppose 5*g = -4*u - 34, 3*u - g + 2*g = -20. Let b be u/(-2)*(-1 - 0). What are the prime factors of (b/6)/((-2)/48)?
2, 3
Let h(v) = v**2 + 2*v + 11. List the prime factors of h(-3).
2, 7
Suppose -2*b = -5*g - 3, -g + 4*b = -0*b + 15. Let m = 1 - g. Suppose m = 5*w - 2*w - 33. List the prime factors of w.
11
Let u = -20 - -11. Let b = u + 14. What are the prime factors of b?
5
Let f be ((-2)/(-6))/(2/18). Suppose -12 = -f*i - 0*i. Suppose 5*j - 4 = 5*x - 29, 3*x + 6 = -i*j. What are the prime factors of x?
2
Suppose 4*f + 2*c = 8, -8*f + c + 24 = -3*f. Let y(k) = -3*k + 0*k**2 + 0*k + k**2. List the prime factors of y(f).
2
Let y = 3 + 2. Let i(h) = -h + 4. Let v be i(y). Let c(m) = -7*m - 1. What are the prime factors of c(v)?
2, 3
List the prime factors of (-1208)/(-5) + 28/70.
2, 11
Let u be (-2)/2 - 8/(-2). Let s be ((-32)/3)/(4/(-6)). Suppose w = -u + s. List the prime factors of w.
13
Let g be (1 - -3)*3/4. Let n be g/(-2)*(-222)/9. Suppose -a = -x - 2, -5*a - 4*x = -0*a - n. What are the prime factors of a?
5
Suppose 0 = -0*d + 4*d - 280. List the prime factors of d.
2, 5, 7
Suppose 105 = 2*d - 5*d. Let p = d - -65. What are the prime factors of p?
2, 3, 5
Let z(a) = a**3 - 6*a**2 + 6*a - 2. Let u be z(5). Suppose -5*f + 82 = -3*t, f - 11 = u*t + 3. What are the prime factors of f?
17
Let c = 0 - -2. Suppose -c*r + 5*r + 102 = 0. Let f = -22 - r. List the prime factors of f.
2, 3
Let a be 45 + 0 + 1 - 0. Suppose w + w - a = 0. Suppose 0 = x - 3*x + g + w, 4*g = x - 1. What are the prime factors of x?
13
Let q(j) be the first derivative of -5*j**2 - 3*j - 2. List the prime factors of q(-2).
17
Let j(h) = -h**3 + 7*h**2 + 4*h + 4. Let p be j(8). Let k = 54 + p. List the prime factors of k.
2, 13
Let c(r) = -r - 2. Let g be c(-3). List the prime factors of (-1 - 0)/(g/(-15)).
3, 5
Let u(v) = v**2 + v - 31. List the prime factors of u(16).
241
Let a = -184 + 272. What are the prime factors of a?
2, 11
Suppose 6*c + 4*w - 458 = c, -3*c + 4*w + 294 = 0. What are the prime factors of c?
2, 47
Suppose -5*m = -3*m - 256. List the prime factors of m.
2
Let u(t) = 2*t**2 + 7*t - 1. What are the prime factors of u(-7)?
2, 3
Let a(l) = -l**2 + 4*l - 2. Let t be a(2). Suppose 79 = t*d + 27. What are the prime factors of d?
2, 13
Let s be (15/(-3))/(-1) - 3. Suppose s*h + h = 66. List the prime factors of h.
2, 11
Let y = 9 + -4. Suppose -5 = -n - 2*v, -3*n + 45 = v - y*v. What are the prime factors of n?
11
Let v = 4 - 6. Let y(u) = -u**3 - 2*u**2 - 3*u. What are the prime factors of y(v)?
2, 3
Let w be (-8)/(-4) + (-39 - 0). Let j be (-1)/(-4) + w/4. List the prime factors of (-2)/(-9) - 88/j.
2, 5
Let i(c) = c**3 + 5*c**2 - 6*c + 2. Let q be i(-6). Let x be q/4 - 118/(-4). Suppose b = -4*b + x. What are the prime factors of b?
2, 3
Let p = 0 + 1. Let t = p - -3. Suppose j = -t*k + 33, -2*j + 1 - 7 = 0. List the prime factors of k.
3
Suppose 4*l - 846 - 690 = 0. Suppose -l = -7*g + 1. List the prime factors of g.
5, 11
Let k = -164 + 258. List the prime factors of k.
2, 47
Suppose c = n + 2*n + 8, 28 = -2*n - 5*c. Let r(q) = -q**3 - 5*q**2 - 5*q - 1. Let s be r(n). Suppose 7 = s*i + 1. List the prime factors of i.
2
Suppose k + 4 = 3*k. Suppose -6*c = c - 21. Suppose -5*h = -u - 6, k*h - 11 = -c. List the prime factors of u.
2, 7
Suppose u + u - 16 = 0. Suppose 3*p = -p + u. Suppose -p*v + 21 = -m, 5*v + 2*m - 3*m = 54. List the prime factors of v.
11
Suppose 4*j = j. Suppose j = 2*s - 9 - 5. What are the prime factors of s?
7
What are the prime factors of (10/(-25))/(4/(-220))?
2, 11
Let b be (-8)/(-2) - 3 - -2. Suppose 0 = 2*q + b*q - 95. List the prime factors of q.
19
Suppose 3*q - 7*q + 96 = 0. List the prime factors of q.
2, 3
Let h be (4/(-6))/((-1)/(-6)). Let n = 20 - 14. Let l = n + h. What are the prime factors of l?
2
List the prime factors of (-316)/(-10) - (-14)/35.
2
Let f(n) = n**2 + 4*n - 2. Let y be f(-5). Suppose -y*q + 9 = -0*q. List the prime factors of (-8)/(0 + (1 - q)).
2
Suppose 4 + 5 = 3*h. Suppose -h*y = y - l - 107, -4*y - 5*l + 113 = 0. Suppose -3 = 3*a - y. What are the prime factors of a?
2
Suppose 0 = -3*m + 5*m + 6. Let l be (2 + 0 - m) + -3. List the prime factors of ((-1)/l)/((-1)/26).
13
Let k be 2/(-3) - (-508)/6. Suppose 2*m = -m + k. What are the prime factors of m?
2, 7
Suppose -4*u + 10 = y, 2*u + y - 7 = -u. Let o(b) = 4*b + 3. Let p be o(u). Suppose -2*w = -5*w + p. What are the prime factors of w?
5
Suppose 3*k + 0*k - 60 = 0. What are the prime factors of k?
2, 5
Suppose -8*h + 3*h = -5*v - 240, 4*h - 172 = -v. What are the prime factors of h?
2, 11
Let b(p) = -p**2 + 8*p + 1. Let g be b(7). List the prime factors of 387/12 + (-2)/g.
2
Let j be (-2)/(2*(-3)/12). Let x = j + 12. What are the prime factors of x?
2
Let l = 7 - 3. Suppose 4*x + 40 = 2*v + 2*v, -5*x = l*v - 67. What are the prime factors of v?
13
Suppose -5*t - 10 = 2*a, -3*t - 16 = t. Suppose 3*x + a = 17. Suppose -46 = -x*s + 2. List the prime factors of s.
2, 3
Let t(l) = l**3 + 9*l**2 + 7*l - 5. List the prime factors of t(-6).
61
Suppose -s + 3*x = -3*s + 267, -133 = -s - 2*x. What are the prime factors of s?
3, 5
Let r be -6*(-2 - (-2)/2). Suppose r*o = o + 20. Suppose 2 = o*d - 6. List the prime factors of d.
2
Suppose -n = -0 - 2. Let y(s) = -s + 3*s + s - 8*s**n + 4 + 7*s**2. List the prime factors of y(3).
2
Suppose 19*y - 10*y = 1458. List the prime factors of y.
2, 3
Let v(l) = -4*l + 5. Let x(q) = -5*q + 5. Let s(h) = 6*v(h) - 7*x(h). List the prime factors of s(3).
2, 7
Let b = 60 + -58. What are the prime factors of b?
2
Let x(z) = -1. Let w(h) = 2*h + 1. Let p(d) = w(d) + 6*x(d). Let q be p(4). Suppose -3*v - 3*n = 0, q*v + 5*n - 3 + 11 = 0. List the prime factors of v.
2
Let o = 78 - -84. What are the prime factors of o?
2, 3
Suppose -5*q + 4 + 11 = 0. Suppose 4 = -2*k, q*j - 4*k = -k + 75. List the prime factors of j.
23
Suppose -1583 - 87 = -10*b. List the prime factors of b.
167
Let h = -263 - -413. List the prime factors of h.
2